{"id":778,"date":"2020-10-22T15:12:53","date_gmt":"2020-10-22T15:12:53","guid":{"rendered":"https:\/\/rainforestguate.com\/rfg\/?page_id=778"},"modified":"2023-01-27T21:32:23","modified_gmt":"2023-01-27T21:32:23","slug":"luna-de-miel","status":"publish","type":"page","link":"https:\/\/rainforestguate.com\/rfg\/luna-de-miel\/","title":{"rendered":"Luna de Miel"},"content":{"rendered":"\t\t<div data-elementor-type=\"wp-page\" data-elementor-id=\"778\" class=\"elementor elementor-778\">\n\t\t\t\t\t\t<section class=\"elementor-section elementor-top-section elementor-element elementor-element-2a6f2d38 elementor-section-boxed elementor-section-height-default elementor-section-height-default\" data-id=\"2a6f2d38\" data-element_type=\"section\" data-e-type=\"section\">\n\t\t\t\t\t\t<div class=\"elementor-container elementor-column-gap-default\">\n\t\t\t\t\t<div class=\"elementor-column elementor-col-100 elementor-top-column elementor-element elementor-element-75d1f4ed\" data-id=\"75d1f4ed\" data-element_type=\"column\" data-e-type=\"column\">\n\t\t\t<div class=\"elementor-widget-wrap elementor-element-populated\">\n\t\t\t\t\t\t<div class=\"elementor-element elementor-element-101548a elementor-widget elementor-widget-image\" data-id=\"101548a\" data-element_type=\"widget\" data-e-type=\"widget\" data-widget_type=\"image.default\">\n\t\t\t\t<div class=\"elementor-widget-container\">\n\t\t\t\t\t\t\t\t\t\t\t\t\t\t\t<img fetchpriority=\"high\" decoding=\"async\" width=\"768\" height=\"434\" src=\"https:\/\/rainforestguate.com\/rfg\/wp-content\/uploads\/2020\/10\/Bodas-768x434.jpg\" class=\"attachment-medium_large size-medium_large wp-image-839\" alt=\"\" srcset=\"https:\/\/rainforestguate.com\/rfg\/wp-content\/uploads\/2020\/10\/Bodas-768x434.jpg 768w, https:\/\/rainforestguate.com\/rfg\/wp-content\/uploads\/2020\/10\/Bodas-300x170.jpg 300w, https:\/\/rainforestguate.com\/rfg\/wp-content\/uploads\/2020\/10\/Bodas.jpg 900w\" sizes=\"(max-width: 768px) 100vw, 768px\" \/>\t\t\t\t\t\t\t\t\t\t\t\t\t\t\t<\/div>\n\t\t\t\t<\/div>\n\t\t\t\t<div class=\"elementor-element elementor-element-945d347 elementor-widget elementor-widget-heading\" data-id=\"945d347\" data-element_type=\"widget\" data-e-type=\"widget\" data-widget_type=\"heading.default\">\n\t\t\t\t<div class=\"elementor-widget-container\">\n\t\t\t\t\t<h2 class=\"elementor-heading-title elementor-size-default\">Luna de miel<\/h2>\t\t\t\t<\/div>\n\t\t\t\t<\/div>\n\t\t\t\t<div class=\"elementor-element elementor-element-e8a4273 elementor-widget elementor-widget-text-editor\" data-id=\"e8a4273\" data-element_type=\"widget\" data-e-type=\"widget\" data-widget_type=\"text-editor.default\">\n\t\t\t\t<div class=\"elementor-widget-container\">\n\t\t\t\t\t\t\t\t\t\n<h4 class=\"has-normal-font-size wp-block-heading\"><strong>RFT -52- <\/strong><strong>Luna de Miel a tu medida \u2013 8 d\u00edas \/ 7 noches.<\/strong><\/h4>\n\n\n\n<ul class=\"wp-block-list\"><li><strong><u>D\u00eda 1 \u2013 Inicia Domingo<\/u>. <\/strong>\u00a0\u00a0\u00a0Recibimiento en el Aeropuerto Internacional y traslado hacia su Hotel en la ciudad de Antigua Guatemala.\u00a0 Resto del d\u00eda libre.\u00a0 Alojamiento.<\/li><li><strong><u>D\u00eda 2<\/u>. <\/strong>\u00a0\u00a0\u00a0Desayuno en el Hotel.\u00a0 A la hora indicada, nuestro gu\u00eda les estar\u00e1 buscando en el Hotel para iniciar con la caminata por la ciudad.\u00a0 Visitar\u00e1n los principales monumentos, plazas y atractivos de la ciudad Monumentos Colonial de Am\u00e9rica.\u00a0 Nuestro gu\u00eda les dar\u00e1 la sugerencia de donde poder tomar el almuerzo (NO incluido).\u00a0 Tarde libre por su cuenta.\u00a0\u00a0 Alojamiento.<\/li><li><strong><u>D\u00eda 3<\/u>.<\/strong> \u00a0\u00a0\u00a0Desayuno en el Hotel.\u00a0 Al medio d\u00eda, les estaremos facilitando el traslado en servicios compartidos hacia Panajachel a orillas del Lago Atitl\u00e1n.\u00a0 Resto de la tarde libre por su cuenta.\u00a0 Alojamiento.<\/li><li><strong><u>D\u00eda 4<\/u>. <\/strong>\u00a0\u00a0\u00a0Desayuno en el Hotel.\u00a0 A las 9:30 am, nuestro gu\u00eda les estar\u00e1 buscando en el Hotel para caminar hacia el muelle municipal, en donde abordar\u00e1n la lancha que les llevar\u00e1 a visitar el Lago Atitl\u00e1n y los pueblos de Santiago Atitl\u00e1n y San Juan la Laguna.\u00a0 Resto de la tarde libre por su cuenta.\u00a0 Alojamiento.<\/li><li><strong><u>D\u00eda 5<\/u>. <\/strong>\u00a0\u00a0\u00a0Desayuno en el Hotel.\u00a0 A la hora indicada, les estaremos trasladando hacia la villa ind\u00edgena de Chichicastenango, en donde 2 veces por semana se celebra y realiza el famoso mercado de Chichicastenango.\u00a0 A su llegada, les estar\u00e1 esperando nuestro gu\u00eda para iniciar con la visita cultural del pueblo y el mercado al aire libre.\u00a0 Al finalizar, estar\u00e1n regresando hacia la Ciudad de Guatemala.\u00a0 Alojamiento.<\/li><li><strong><u>D\u00eda 6<\/u>. <\/strong>\u00a0\u00a0\u00a0Box breakfast que ser\u00e1 entregado en la recepci\u00f3n del Hotel.\u00a0 A las 5:00 am, estar\u00e1 nuestro piloto por ustedes, para facilitar el traslado hacia el Aeropuerto en la ciudad de Guatemala, en donde abordar\u00e1n el vuelo hacia Flores, Pet\u00e9n.\u00a0 A su llegada al Aeropuerto Mundo Maya, nuestro piloto y gu\u00eda les estar\u00e1n esperando para iniciar con el traslado hacia la ciudad Maya de Tikal.\u00a0 El tiempo de viaje ser\u00e1 de 1 hora aproximadamente.\u00a0 A su llegada, estar\u00e1n visitando los principales monumentos, plazas, templos, pir\u00e1mides y calzadas de Tikal.\u00a0 Al finalizar, tendr\u00e1n el almuerzo incluido y el traslado de regreso hacia el Aeropuerto para que puedan abordar el vuelo de regreso a Ciudad de Guatemala.\u00a0 A su llegada, nuestro piloto les estar\u00e1 esperando y trasladando hacia su hotel en la ciudad.\u00a0 Alojamiento.<\/li><li><strong><u>D\u00eda 7<\/u>. <\/strong>\u00a0\u00a0\u00a0Desayuno en el Hotel.\u00a0 A la hora indicada, nuestro piloto les estar\u00e1 buscando en el Hotel para dar inicio con el traslado que de Antigua les llevar\u00e1 hacia el Aeropuerto Internacional.\u00a0 FIN DE NUESTROS SERVICIOS.<\/li><\/ul>\n\n\n\n<h4 class=\"has-normal-font-size wp-block-heading\"><strong>RFT -53- <\/strong><strong>Luna de Miel Inolvidable \u2013 8 d\u00edas \/ 7 noches.<\/strong><\/h4>\n\n\n\n<ul class=\"wp-block-list\"><li><strong><u>D\u00eda 1 \u2013 Inicia Domingo<\/u>. <\/strong>\u00a0\u00a0\u00a0Recibimiento en el Aeropuerto Internacional y traslado hacia su Hotel en la ciudad de Antigua Guatemala.\u00a0 Resto del d\u00eda libre.\u00a0 Alojamiento.<\/li><li><strong><u>D\u00eda 2<\/u>. <\/strong>\u00a0\u00a0\u00a0Desayuno en el Hotel.\u00a0 A la hora indicada, nuestro gu\u00eda les estar\u00e1 buscando en el Hotel para iniciar con la caminata por la ciudad.\u00a0 Visitar\u00e1n los principales monumentos, plazas y atractivos de la ciudad Monumentos Colonial de Am\u00e9rica.\u00a0 Nuestro gu\u00eda les dar\u00e1 la sugerencia de donde poder tomar el almuerzo (NO incluido).\u00a0 Por la tarde, nuestro piloto les estar\u00e1 buscando en el Hotel para dar inicio con el traslado hacia San Francisco de Sales, para luego iniciar con la caminata hacia la cumbre del Volc\u00e1n Pacaya.\u00a0 Al finalizar regreso a su Hotel en La Antigua.\u00a0 Alojamiento.<\/li><li><strong><u>D\u00eda 3<\/u>. <\/strong>\u00a0\u00a0\u00a0Desayuno en el Hotel.\u00a0 Ma\u00f1ana libre en Antigua.\u00a0 Al medio d\u00eda, les estaremos facilitando el traslado en servicios compartidos hacia Panajachel a orillas del Lago Atitl\u00e1n.\u00a0 Resto de la tarde libre por su cuenta.\u00a0 Alojamiento.<\/li><li><strong><u>D\u00eda 4<\/u>. <\/strong>\u00a0\u00a0\u00a0Desayuno en el Hotel.\u00a0 A las 9:30 am, nuestro gu\u00eda les estar\u00e1 buscando en el Hotel para caminar hacia el muelle municipal, en donde abordar\u00e1n la lancha que les llevar\u00e1 a visitar el Lago Atitl\u00e1n y los pueblos de Santiago Atitl\u00e1n y San Juan la Laguna.\u00a0 Resto de la tarde libre por su cuenta.\u00a0 Alojamiento.<\/li><li><strong><u>D\u00eda 5<\/u>. <\/strong>\u00a0\u00a0\u00a0Desayuno en el Hotel.\u00a0 A la hora indicada, les estaremos trasladando hacia la villa ind\u00edgena de Chichicastenango, en donde 2 veces por semana se celebra y realiza el famoso mercado de Chichicastenango.\u00a0 A su llegada, les estar\u00e1 esperando nuestro gu\u00eda para iniciar con la visita cultural del pueblo y el mercado al aire libre.\u00a0 Al finalizar, estar\u00e1n regresando hacia la Ciudad de Guatemala.\u00a0 Alojamiento.<\/li><li><strong><u>D\u00eda 6<\/u>.<\/strong>\u00a0\u00a0 Box breakfast que ser\u00e1 entregado en la recepci\u00f3n del Hotel.\u00a0 A las 5:00 am, estar\u00e1 nuestro piloto por ustedes, para facilitar el traslado hacia el Aeropuerto en la ciudad de Guatemala, en donde abordar\u00e1n el vuelo hacia Flores, Pet\u00e9n.\u00a0 A su llegada al Aeropuerto Mundo Maya, nuestro piloto y gu\u00eda les estar\u00e1n esperando para iniciar con el traslado hacia la ciudad Maya de Tikal.\u00a0 El tiempo de viaje ser\u00e1 de 1 hora aproximadamente.\u00a0 A su llegada, estar\u00e1n visitando los principales monumentos, plazas, templos, pir\u00e1mides y calzadas de Tikal.\u00a0 Al finalizar, tendr\u00e1n el almuerzo incluido y el traslado de regreso a su Hotel en Flores.\u00a0 Alojamiento.<\/li><li><strong><u>D\u00eda 7<\/u>. <\/strong>\u00a0\u00a0\u00a0Desayuno en el Hotel.\u00a0 A la hora indicada, nuevamente nuestro gu\u00eda y piloto, les estar\u00e1n buscando en el Hotel para facilitar el traslado hacia la ciudad de Yaxh\u00e1.\u00a0 Durante la visita, podr\u00e1n admirar, adem\u00e1s de la belleza natural del lugar, sus principales plazas, monumentos, pir\u00e1mides y templos.\u00a0 Se incluye el almuerzo campestre.\u00a0 Por la tarde, les estaremos trasladando hacia el Aeropuerto Mundo Maya para que puedan abordar el vuelo de regreso a Ciudad de Guatemala.\u00a0 A su llegada, nuestro piloto les estar\u00e1 esperando y trasladando hacia su hotel en la ciudad.\u00a0 Alojamiento.<\/li><li><strong><u>D\u00eda 8<\/u>. <\/strong>\u00a0\u00a0\u00a0Desayuno en el Hotel.\u00a0 A la hora indicada, nuestro piloto les estar\u00e1 buscando en el Hotel para dar inicio con el traslado que de Antigua les llevar\u00e1 hacia el Aeropuerto Internacional.\u00a0 FIN DE NUESTROS SERVICIOS.<\/li><\/ul>\n\n\n\n<h4 class=\"has-normal-font-size wp-block-heading\"><strong>RFT -54- <\/strong><strong>Paquete B\u00e1sico de Luna de Miel \u2013 8 d\u00edas \/ 7 noches.<\/strong><\/h4>\n\n\n\n<ul class=\"wp-block-list\"><li><strong><u>D\u00eda 1 \u2013 Inicia Domingo<\/u>. <\/strong>\u00a0\u00a0\u00a0Recibimiento en el Aeropuerto Internacional y traslado hacia su Hotel en la ciudad de Antigua Guatemala.\u00a0 Resto del d\u00eda libre.\u00a0 Alojamiento.<\/li><li><strong><u>D\u00eda 2<\/u>. <\/strong>\u00a0\u00a0\u00a0Desayuno en el Hotel.\u00a0 A la hora indicada, nuestro gu\u00eda les estar\u00e1 buscando en el Hotel para iniciar con la caminata por la ciudad.\u00a0 Visitar\u00e1n los principales monumentos, plazas y atractivos de la ciudad Monumentos Colonial de Am\u00e9rica.\u00a0 Nuestro gu\u00eda les dar\u00e1 la sugerencia de donde poder tomar el almuerzo (NO incluido).\u00a0 Por la tarde, nuestro piloto les estar\u00e1 buscando en el Hotel para dar inicio con el traslado hacia San Francisco de Sales, para luego iniciar con la caminata hacia la cumbre del Volc\u00e1n Pacaya.\u00a0 Al finalizar regreso a su Hotel en La Antigua.\u00a0 Alojamiento.<\/li><li><strong><u>D\u00eda 3<\/u>. <\/strong>\u00a0\u00a0\u00a0Desayuno en el Hotel.\u00a0 D\u00eda libre por su cuenta en Antigua.\u00a0 Alojamiento.<\/li><li><strong><u>D\u00eda 4<\/u>.\u00a0 <\/strong>\u00a0\u00a0Desayuno en el Hotel.\u00a0 A la hora indicada por la ma\u00f1ana, nuestro piloto estar\u00e1 busc\u00e1ndoles en el Hotel para facilitar el traslado en servicios compartidos hacia Panajachel a orillas del Lago Atitl\u00e1n. A su llegada, nuestro gu\u00eda les estar\u00e1 esperando e iniciar la caminata hacia el muelle municipal, en donde abordar\u00e1n la lancha que les llevar\u00e1 a visitar el Lago Atitl\u00e1n y los pueblos de Santiago Atitl\u00e1n y San Juan la Laguna.\u00a0 Resto de la tarde libre por su cuenta.\u00a0 Alojamiento.<\/li><li><strong><u>D\u00eda 5<\/u>. <\/strong>\u00a0\u00a0Desayuno en el Hotel.\u00a0 A la hora indicada, les estaremos trasladando hacia la villa ind\u00edgena de Chichicastenango, en donde 2 veces por semana se celebra y realiza el famoso mercado de Chichicastenango.\u00a0 A su llegada, les estar\u00e1 esperando nuestro gu\u00eda para iniciar con la visita cultural del pueblo y el mercado al aire libre.\u00a0 Al finalizar, estar\u00e1n regresando hacia la ciudad de La Antigua Guatemala.\u00a0 Alojamiento.<\/li><li><strong><u>D\u00eda 6<\/u>. <\/strong>\u00a0\u00a0\u00a0Desayuno en el Hotel.\u00a0 A las 8:00 am, nuestro piloto les estar\u00e1 buscando en el Hotel para trasladarles hacia las playas del pac\u00edfico de Guatemala.\u00a0 El tiempo de viaje ser\u00e1 de 2 horas aproximadamente llegando a Monterrico.\u00a0 Resto del d\u00eda libre para que puedan disfrutar del sol y la playa. \u00a0Alojamiento.<\/li><li><strong><u>D\u00eda 7<\/u>. <\/strong>\u00a0\u00a0\u00a0Desayuno en el Hotel.\u00a0 Ma\u00f1ana libre por su cuenta. A las 3:00 pm, les estaremos facilitando el traslado de regreso a La Antigua Guatemala.\u00a0 Alojamiento.<\/li><li><strong><u>D\u00eda 8<\/u>. <\/strong>\u00a0\u00a0\u00a0Desayuno en el Hotel.\u00a0 A la hora indicada, nuestro piloto les estar\u00e1 buscando en el Hotel para dar inicio con el traslado que de Antigua les llevar\u00e1 hacia el Aeropuerto Internacional.\u00a0 FIN DE NUESTROS SERVICIOS.<\/li><\/ul>\n\t\t\t\t\t\t\t\t<\/div>\n\t\t\t\t<\/div>\n\t\t\t\t\t<\/div>\n\t\t<\/div>\n\t\t\t\t\t<\/div>\n\t\t<\/section>\n\t\t\t\t<\/div>\n\t\t","protected":false},"excerpt":{"rendered":"<p>Luna de miel RFT -52- Luna de Miel a tu medida \u2013 8 d\u00edas \/ 7 noches. RFT -53- Luna de Miel Inolvidable \u2013 8 d\u00edas \/ 7 noches. RFT -54- Paquete B\u00e1sico de Luna de Miel \u2013 8 d\u00edas \/ 7 noches.<\/p>\n","protected":false},"author":2,"featured_media":0,"parent":0,"menu_order":0,"comment_status":"closed","ping_status":"closed","template":"elementor_header_footer","meta":{"site-sidebar-layout":"default","site-content-layout":"default","ast-site-content-layout":"default","site-content-style":"default","site-sidebar-style":"default","ast-global-header-display":"","ast-banner-title-visibility":"","ast-main-header-display":"","ast-hfb-above-header-display":"","ast-hfb-below-header-display":"","ast-hfb-mobile-header-display":"","site-post-title":"","ast-breadcrumbs-content":"","ast-featured-img":"","footer-sml-layout":"","ast-disable-related-posts":"","theme-transparent-header-meta":"default","adv-header-id-meta":"","stick-header-meta":"","header-above-stick-meta":"","header-main-stick-meta":"","header-below-stick-meta":"","astra-migrate-meta-layouts":"default","ast-page-background-enabled":"default","ast-page-background-meta":{"desktop":{"background-color":"var(--ast-global-color-4)","background-image":"","background-repeat":"repeat","background-position":"center center","background-size":"auto","background-attachment":"scroll","background-type":"","background-media":"","overlay-type":"","overlay-color":"","overlay-opacity":"","overlay-gradient":""},"tablet":{"background-color":"","background-image":"","background-repeat":"repeat","background-position":"center center","background-size":"auto","background-attachment":"scroll","background-type":"","background-media":"","overlay-type":"","overlay-color":"","overlay-opacity":"","overlay-gradient":""},"mobile":{"background-color":"","background-image":"","background-repeat":"repeat","background-position":"center center","background-size":"auto","background-attachment":"scroll","background-type":"","background-media":"","overlay-type":"","overlay-color":"","overlay-opacity":"","overlay-gradient":""}},"ast-content-background-meta":{"desktop":{"background-color":"var(--ast-global-color-5)","background-image":"","background-repeat":"repeat","background-position":"center center","background-size":"auto","background-attachment":"scroll","background-type":"","background-media":"","overlay-type":"","overlay-color":"","overlay-opacity":"","overlay-gradient":""},"tablet":{"background-color":"var(--ast-global-color-5)","background-image":"","background-repeat":"repeat","background-position":"center center","background-size":"auto","background-attachment":"scroll","background-type":"","background-media":"","overlay-type":"","overlay-color":"","overlay-opacity":"","overlay-gradient":""},"mobile":{"background-color":"var(--ast-global-color-5)","background-image":"","background-repeat":"repeat","background-position":"center center","background-size":"auto","background-attachment":"scroll","background-type":"","background-media":"","overlay-type":"","overlay-color":"","overlay-opacity":"","overlay-gradient":""}},"footnotes":""},"class_list":["post-778","page","type-page","status-publish","hentry"],"_links":{"self":[{"href":"https:\/\/rainforestguate.com\/rfg\/wp-json\/wp\/v2\/pages\/778","targetHints":{"allow":["GET"]}}],"collection":[{"href":"https:\/\/rainforestguate.com\/rfg\/wp-json\/wp\/v2\/pages"}],"about":[{"href":"https:\/\/rainforestguate.com\/rfg\/wp-json\/wp\/v2\/types\/page"}],"author":[{"embeddable":true,"href":"https:\/\/rainforestguate.com\/rfg\/wp-json\/wp\/v2\/users\/2"}],"replies":[{"embeddable":true,"href":"https:\/\/rainforestguate.com\/rfg\/wp-json\/wp\/v2\/comments?post=778"}],"version-history":[{"count":5,"href":"https:\/\/rainforestguate.com\/rfg\/wp-json\/wp\/v2\/pages\/778\/revisions"}],"predecessor-version":[{"id":1092,"href":"https:\/\/rainforestguate.com\/rfg\/wp-json\/wp\/v2\/pages\/778\/revisions\/1092"}],"wp:attachment":[{"href":"https:\/\/rainforestguate.com\/rfg\/wp-json\/wp\/v2\/media?parent=778"}],"curies":[{"name":"wp","href":"https:\/\/api.w.org\/{rel}","templated":true}]}}