{"id":716,"date":"2020-10-20T18:45:51","date_gmt":"2020-10-20T18:45:51","guid":{"rendered":"https:\/\/rainforestguate.com\/rfg\/?page_id=716"},"modified":"2020-10-28T18:08:11","modified_gmt":"2020-10-28T18:08:11","slug":"visitas-de-2-dias-y-1-noche","status":"publish","type":"page","link":"https:\/\/rainforestguate.com\/rfg\/visitas-de-2-dias-y-1-noche\/","title":{"rendered":"Visitas de 2 d\u00edas y 1 noche"},"content":{"rendered":"\t\t<div data-elementor-type=\"wp-page\" data-elementor-id=\"716\" class=\"elementor elementor-716\">\n\t\t\t\t\t\t<section class=\"elementor-section elementor-top-section elementor-element elementor-element-159a43f8 elementor-section-boxed elementor-section-height-default elementor-section-height-default\" data-id=\"159a43f8\" data-element_type=\"section\" data-e-type=\"section\">\n\t\t\t\t\t\t<div class=\"elementor-container elementor-column-gap-default\">\n\t\t\t\t\t<div class=\"elementor-column elementor-col-100 elementor-top-column elementor-element elementor-element-70ae6356\" data-id=\"70ae6356\" data-element_type=\"column\" data-e-type=\"column\">\n\t\t\t<div class=\"elementor-widget-wrap elementor-element-populated\">\n\t\t\t\t\t\t<div class=\"elementor-element elementor-element-d42bb0e elementor-widget elementor-widget-image\" data-id=\"d42bb0e\" data-element_type=\"widget\" data-e-type=\"widget\" data-widget_type=\"image.default\">\n\t\t\t\t<div class=\"elementor-widget-container\">\n\t\t\t\t\t\t\t\t\t\t\t\t\t\t\t<img fetchpriority=\"high\" decoding=\"async\" width=\"800\" height=\"400\" src=\"https:\/\/rainforestguate.com\/rfg\/wp-content\/uploads\/2020\/10\/Ceremonia-Iximche-1.jpg\" class=\"attachment-large size-large wp-image-850\" alt=\"\" srcset=\"https:\/\/rainforestguate.com\/rfg\/wp-content\/uploads\/2020\/10\/Ceremonia-Iximche-1.jpg 800w, https:\/\/rainforestguate.com\/rfg\/wp-content\/uploads\/2020\/10\/Ceremonia-Iximche-1-300x150.jpg 300w, https:\/\/rainforestguate.com\/rfg\/wp-content\/uploads\/2020\/10\/Ceremonia-Iximche-1-768x384.jpg 768w\" sizes=\"(max-width: 800px) 100vw, 800px\" \/>\t\t\t\t\t\t\t\t\t\t\t\t\t\t\t<\/div>\n\t\t\t\t<\/div>\n\t\t\t\t<div class=\"elementor-element elementor-element-0c2f553 elementor-widget elementor-widget-image\" data-id=\"0c2f553\" data-element_type=\"widget\" data-e-type=\"widget\" data-widget_type=\"image.default\">\n\t\t\t\t<div class=\"elementor-widget-container\">\n\t\t\t\t\t\t\t\t\t\t\t\t\t\t\t<img decoding=\"async\" src=\"https:\/\/rainforestguate.com\/rfg\/wp-content\/uploads\/2020\/10\/Castillo-de-San-Felipe-1.jpg\" title=\"\" alt=\"\" loading=\"lazy\" \/>\t\t\t\t\t\t\t\t\t\t\t\t\t\t\t<\/div>\n\t\t\t\t<\/div>\n\t\t\t\t<div class=\"elementor-element elementor-element-2e658bb elementor-widget elementor-widget-heading\" data-id=\"2e658bb\" data-element_type=\"widget\" data-e-type=\"widget\" data-widget_type=\"heading.default\">\n\t\t\t\t<div class=\"elementor-widget-container\">\n\t\t\t\t\t<h2 class=\"elementor-heading-title elementor-size-default\">Visitas de 2 d\u00edas y 1 noche<\/h2>\t\t\t\t<\/div>\n\t\t\t\t<\/div>\n\t\t\t\t<div class=\"elementor-element elementor-element-658f650b elementor-widget elementor-widget-text-editor\" data-id=\"658f650b\" data-element_type=\"widget\" data-e-type=\"widget\" data-widget_type=\"text-editor.default\">\n\t\t\t\t<div class=\"elementor-widget-container\">\n\t\t\t\t\t\t\t\t\t\n<h4 class=\"has-normal-font-size wp-block-heading\"><strong>RFT-21- LAGO DE ATITL\u00c1N &amp; CHICHICASTENANGO<\/strong><\/h4>\n\n\n\n<ul class=\"wp-block-list\"><li><strong><u>D\u00eda 1.<\/u> \u00a0\u00a0<\/strong>Traslado desde La Antigua Guatemala, hacia la Villa de Chichicastenango. Visita del mercado al aire libre, as\u00ed como a las Iglesias de Santo Tom\u00e1s y El Calvario. A las 14:00 horas traslado de Chichicastenango a Panajachel. Resto de la tarde libre por su cuenta.\u00a0\u00a0\u00a0 Alojamiento en el Hotel de su elecci\u00f3n.<\/li><li><strong><u>D\u00eda 2.<\/u> \u00a0\u00a0<\/strong>Desayuno. Tour al Lago de Atitl\u00e1n, visitando tres pueblos a la orilla del Lago incluyendo\u00a0 Santiago Atitl\u00e1n.\u00a0 A la hora indicada iniciaremos su traslado de vuelta a La Antigua Guatemala.<\/li><\/ul>\n\n\n\n<h4 class=\"has-normal-font-size wp-block-heading\"><strong>RFT-22- <\/strong><strong>TIKAL<\/strong><\/h4>\n\n\n\n<ul class=\"wp-block-list\"><li><strong><u>D\u00eda 1.<\/u> \u00a0\u00a0<\/strong>A las 03:30 hrs., traslado hacia el Aeropuerto Nacional, para abordar el vuelo de Transporte A\u00e9reos Guatemaltecos -TAG- , con destino a Flores, Peten que sale a las 06:30 hrs. Al arribar al\u00a0Aeropuerto Mundo Maya en Pet\u00e9n nuestro representante los estar\u00e1 trasladando para as\u00ed visitar la Ciudad Maya de Tikal, sin duda el mejor exponente de la Cultura Maya Cl\u00e1sica. .\u00a0 El tiempo que toma viajar de Flores hacia Tikal es de 1 hora aproximadamente.\u00a0 A su llegada al sitio arqueol\u00f3gico de\u00a0Tikal, con su gu\u00eda podr\u00e1n visitar los principales templos y plazas de esta antigua civilizaci\u00f3n maya. Este parque cuenta con 576 kil\u00f3metros cuadrados, ofreciendo una combinaci\u00f3n de edificaciones monumentales, rodeados por abundante vegetaci\u00f3n y vida silvestre. Es muy com\u00fan poder ver tucanes, ocelotes, peque\u00f1os animales como el mono ara\u00f1a, monos aulladores y pizotes entre otros. Se pueden escalar estructuras como el templo IV, uno de los edificios prehisp\u00e1nicos m\u00e1s grandes de Am\u00e9rica (69 metros o\u00a0 230 pies de altura. Al finalizar la visita, les llevaremos a tomar un Almuerzo Campestre dentro del recinto arqueol\u00f3gico (INCLUIDO).\u00a0 \u00a0\u00a0Alojamiento dentro del parque en el Hotel Tikal Inn.<\/li><li><strong><u>D\u00eda 2.<\/u> \u00a0\u00a0<\/strong>Ma\u00f1ana libre.\u00a0 A traslado hacia flores, la llegada est\u00e1 programada a las 16:00 hrs aprox. pudiendo elegir quedarse en el Aeropuerto o visitar por aproximadamente una hora la Isla de Flores y tomar alg\u00fan caf\u00e9 o refresco para luego a las 17:00 hrs. tomar un taxi desde el punto en el que se encuentre (NO INCLUIDO) hacia el aeropuerto Mundo Maya en Santa Elena.\u00a0 El trayecto es de 1km aprox.\u00a0 El vuelo de TAG hacia la Ciudad de Guatemala sale a las 18:30 hrs\u00a0 debiendo estar en el Aeropuerto a las 17:30 hrs.\u00a0 La opci\u00f3n elegida deber\u00e1 indicarla al Gu\u00eda a momento en que \u00e9l realice la consulta previa a llegar al Aeropuerto.\u00a0 A su llegada a Guatemala, los estaremos esperando para trasladarlos a su hotel.<\/li><\/ul>\n\n\n\n<h4 class=\"has-normal-font-size wp-block-heading\"><strong>RFT -23- <\/strong><strong>TIKAL Y YAXH\u00c1<\/strong><\/h4>\n\n\n\n<ul class=\"wp-block-list\"><li><strong><u>D\u00eda 1.<\/u> \u00a0\u00a0<\/strong>Temprano por la ma\u00f1ana \u00a0les estaremos buscando en el Lobby del Hotel para iniciar con el traslado hacia el Aeropuerto Nacional, para abordar el vuelo de Transporte A\u00e9reos Guatemaltecos -TAG- , con destino a Flores, Peten que sale a las 06:30 hrs. Al arribar al\u00a0Aeropuerto Mundo Maya en Pet\u00e9n nuestro representante los estar\u00e1 trasladando para as\u00ed visitar la Ciudad Maya de Tikal, sin duda el mejor exponente de la Cultura Maya Cl\u00e1sica. El tiempo que toma viajar de Flores hacia Tikal es de 1 hora aproximadamente.\u00a0 A su llegada al sitio arqueol\u00f3gico de\u00a0Tikal, con su gu\u00eda podr\u00e1n visitar los principales templos y plazas de esta antigua civilizaci\u00f3n maya sin duda el mejor exponente de la cultura maya cl\u00e1sica. Este parque cuenta con 576 kil\u00f3metros cuadrados, ofreciendo una combinaci\u00f3n de edificaciones monumentales, rodeados por abundante vegetaci\u00f3n y vida silvestre. Es muy com\u00fan poder ver tucanes, ocelotes, peque\u00f1os animales como el mono ara\u00f1a, monos aulladores y pizotes entre otros. Se pueden escalar estructuras como el templo IV, uno de los edificios prehisp\u00e1nicos m\u00e1s grandes de Am\u00e9rica (69 metros o\u00a0 230 pies de altura. Al finalizar la visita, les llevaremos a tomar un Almuerzo Campestre dentro del recinto arqueol\u00f3gico (INCLUIDO).\u00a0 A las 14:30 hrs regreso a Flores.\u00a0 Resto de la tarde libre por su cuenta. Alojamiento.<\/li><li><strong><u>D\u00eda\u00a02.<\/u> \u00a0\u00a0<\/strong>Desayuno en el Hotel.\u00a0A la hora indicada\u00a0los recogeremos en el Lobby de su Hotel para iniciar su traslado a visitar la Ciudad Maya de\u00a0Yaxh\u00e1, Ciudad que cobij\u00f3 a los Mayas y donde favoreci\u00f3 su gran desarrollo Cultural y Astron\u00f3mico, tambi\u00e9n Centro Ceremonial del Per\u00edodo Cl\u00e1sico en donde podr\u00e1n apreciar sus Templos, imponentes Calzadas y un Paisaje \u00fanico e inigualable de las dos lagunas cercanas y su selva. Luego del almuerzo, incluido, A la hora indicada traslado hacia flores, la llegada est\u00e1 programada a las 16:00 hrs aprox. pudiendo elegir quedarse en el Aeropuerto o visitar por aproximadamente una hora la isla de Flores y tomar alg\u00fan caf\u00e9 o refresco para luego a las 17:00 hrs. tomar un taxi desde el punto en el que se encuentre (NO INCLUIDO) hacia el aeropuerto Mundo Maya en Santa Elena.\u00a0 El trayecto es de 1km aprox.\u00a0 El vuelo de TAG hacia Ciudad de Guatemala sale a las 18:30 hrs\u00a0 debiendo estar en el Aeropuerto a las 17:30 hrs.\u00a0 La opci\u00f3n elegida deber\u00e1 indicarla al Gu\u00eda a momento en que \u00e9l realice la consulta previa a llegar al Aeropuerto.\u00a0 A su llegada, los estaremos esperando para su traslado hacia La Antigua Guatemala.\u00a0<strong>FIN DE LOS SERVICIOS.<\/strong>\u00a0<\/li><\/ul>\n\n\n\n<h4 class=\"has-normal-font-size wp-block-heading\"><strong>RFT -24- MONTERRICO<\/strong><\/h4>\n\n\n\n<ul class=\"wp-block-list\"><li><strong><u>D\u00eda 1<\/u> \u00a0\u00a0<\/strong>A las 8:00 a.m. les estaremos buscando en su Hotel o casa de habitaci\u00f3n para iniciar el con el traslado hacia el Sur de Guatemala, las playas del pac\u00edfico. A su llegada a Monterrico, les estaremos ubicando en su Hotel para que pueda tomar el resto del d\u00eda libre por su cuenta. Alojamiento en el Hotel a su elecci\u00f3n.<\/li><li><strong><u>D\u00eda 2.<\/u> \u00a0\u00a0<\/strong>Desayuno en el Hotel. Ma\u00f1ana libre por su cuenta. A las 16:00 p.m. les estaremos buscando para iniciar el traslado de vuelta hacia La Antigua Guatemala.<\/li><\/ul>\n\n\n\n<h4 class=\"has-normal-font-size wp-block-heading\"><strong>RFT -25- R\u00cdO DULCE, IZABAL<\/strong><\/h4>\n\n\n\n<ul class=\"wp-block-list\"><li><strong><u>D\u00eda 1.<\/u> \u00a0\u00a0<\/strong>A las 4:00 am, les estaremos buscando en el Lobby del Hotel para iniciar con el traslado hacia Ciudad de Guatemala a la Estaci\u00f3n de buses en la ciudad de Guatemala, para abordar el bus con destino a R\u00edo Dulce\u00a0 que sale a las 5:30 am. Al llegar a la parada de bus en R\u00edo Dulce, nuestro representante les estar\u00e1 trasladando para su hotel. Alojamiento en Hacienda Tijax.<\/li><li><strong><u>D\u00eda 2.<\/u><\/strong> \u00a0\u00a0A las 5:00 am, el gu\u00eda\u00a0 los estar\u00e1 buscando en el lobby del hotel para as\u00ed tener la oportunidad de dar un recorrido en canoa por las aguas del R\u00edo Dulce, explorando sus manglares, admirando los colores del amanecer y el canto de las aves tropicales, el tour tendr\u00e1 una duraci\u00f3n de aproximadamente 2 horas. Al finalizar la visita estar\u00e1 regresando al hotel para poder tomar su desayuno y as\u00ed a las 09:00 hrs, iniciar con la caminata por la selva del bosque lluvioso, descubriendo en ella los sonidos, la frescura de los perfumes y el misterio de la reserva del bosque lluvioso subtropical. Caminar\u00e1 sobre puentes colgantes de 15 mts de altura entre la exuberante vegetaci\u00f3n y apreciar desde la torre del Shaman las vistas m\u00e1s espectaculares de la regi\u00f3n. Disfrutar\u00e1 de la incre\u00edble variedad de aves, epifitas, bromelias, orqu\u00eddeas, palmeras, helechos y \u00e1rboles tropicales, la caminata tendr\u00e1 una duraci\u00f3n de aproximadamente 2 horas y media. Al\u00a0 finalizar la visita estar\u00e1 de regreso para proceder al traslado del hotel hacia la parada de bus, donde a su espera podr\u00e1 tomar su almuerzo (no incluido). A las 15:15 hrs, aproximadamente el bus estar\u00e1 en la parada para trasladarlos con destino hacia la Ciudad de Guatemala. A su llegada a la Estaci\u00f3n de Buses conocida como Central Norte, alrededor de las 20:30 hrs, nuestro representante la estar\u00e1 esperando para facilitarles el traslado a La Antigua Guatemala.<\/li><\/ul>\n\n\n\n<h2 class=\"has-normal-font-size wp-block-heading\"><strong>RFT -26- CAMPAMENTO EN EL VOLC\u00c1N PACAYA.<\/strong><\/h2>\n\n\n\n<ul class=\"wp-block-list\"><li><strong><em><u>D\u00eda 1.<\/u><\/em><\/strong> \u00a0\u00a0Nuestro representante les recoger\u00e1 en el lobby del Hotel a las 2:00 pm, para as\u00ed trasladarlos\u00a0 hacia San Francisco de Sales, en donde nuestro gu\u00eda local les estar\u00e1 esperando para iniciar con el acenso hacia el \u00e1rea de camping, donde se colabora a levantar el campamento.\u00a0 Al finalizar, realizar\u00e1n una caminata por los alrededores, observando el atardecer y las hermosas vistas que se podr\u00e1n apreciar.\u00a0 Noche en el campamento, incluida la cena campestre.<\/li><li><strong><em><u>D\u00eda 2.<\/u><\/em><\/strong> \u00a0\u00a0Temprano por la ma\u00f1ana, el gu\u00eda estar\u00e1 iniciando con la caminata hacia la cumbre del volc\u00e1n para poder observar el amanecer, as\u00ed como la actividad que se pueda registrar en esos momentos en el cr\u00e1ter del Volc\u00e1n.\u00a0 Al finalizar la experiencia, regresar\u00e1n al campamento para tomar el desayuno, levantar el campamento e iniciar con el descenso hacia San Francisco de Sales, donde les estar\u00e1 esperando el veh\u00edculo que les regresar\u00e1 a La Antigua Guatemala.<\/li><\/ul>\n\n\n\n<h4 class=\"has-normal-font-size wp-block-heading\"><strong>RFT-27- CAMPAMENTO EN EL VOLCAN ACATENANGO.<\/strong><\/h4>\n\n\n\n<ul class=\"wp-block-list\"><li><strong><em><u>D\u00eda 1.<\/u><\/em><\/strong> \u00a0\u00a0Nuestro representante les recoger\u00e1 en el lobby del Hotel a las 9:00 am, para as\u00ed trasladarlos\u00a0a la Aldea de La Soledad, desde donde iniciar\u00e1n con el acenso hacia el \u00e1rea de campamento, junto con los gu\u00edas locales, donde se colabora a colocar las tiendas de campa\u00f1a.\u00a0 Cada quien carga su equipo.\u00a0 Al finalizar, tomar\u00e1n el almuerzo para luego realizar una caminata por los alrededores, observando el atardecer y las hermosas vistas que se podr\u00e1n apreciar.\u00a0 Noche en el campamento, incluida la cena campestre.<\/li><li><strong><em><u>D\u00eda 2.<\/u><\/em><\/strong> \u00a0\u00a0Temprano por la ma\u00f1ana, el gu\u00eda estar\u00e1 iniciando con la caminata hacia el cr\u00e1ter del volc\u00e1n para poder observar el amanecer, as\u00ed como la actividad que se pueda registrar en esos momentos del Volc\u00e1n de Fuego que se encuentra a la par.\u00a0 Al finalizar la experiencia, regresar\u00e1n al campamento para tomar el desayuno, levantar el campamento e iniciar con el descenso.\u00a0 Al llegar a la Aldea La Soledad les estar\u00e1 esperando el veh\u00edculo que les regresar\u00e1 a La Antigua Guatemala.<\/li><\/ul>\n\n\n\n<h4 class=\"has-normal-font-size wp-block-heading\"><strong>RFT -28- SEMUC CHAMPEY Y CUEVAS DE KAMBA 3 d\u00edas, 2 noches<\/strong><\/h4>\n\n\n\n<ul class=\"wp-block-list\"><li><strong><u>D\u00eda 1.<\/u> \u00a0\u00a0\u00a0<\/strong>A las 8:00 am, les estaremos buscando en el Lobby del Hotel para iniciar con el traslado hacia Lanqu\u00edn, el tiempo aproximadamente de viaje es de 6 horas. Alojamiento en Hotel Casa Duranta.<\/li><li><strong><u>D\u00eda 2.<\/u> <\/strong>\u00a0\u00a0\u00a0A las 7:30 am, el gu\u00eda\u00a0 los estar\u00e1 buscando en el lobby del hotel \u00a0para iniciar su traslado hacia Lanqu\u00edn desde donde podr\u00e1n visitar el primer lugar que es Cuevas de Kamb\u00e1 y luego el bello lugar de Semuc Champey.\u00a0 Aproximadamente a las 4:00 pm, estar\u00e1n dando inicio a regresar a Cob\u00e1n. Alojamiento en Hotel Casa Duranta.<\/li><li><strong><u>D\u00eda 3.<\/u>\u00a0 \u00a0\u00a0<\/strong>A las 10:00 am, les estaremos buscando en el Lobby del Hotel para iniciar con el traslado hacia Antigua Guatemala.<\/li><\/ul>\n\t\t\t\t\t\t\t\t<\/div>\n\t\t\t\t<\/div>\n\t\t\t\t\t<\/div>\n\t\t<\/div>\n\t\t\t\t\t<\/div>\n\t\t<\/section>\n\t\t\t\t<\/div>\n\t\t","protected":false},"excerpt":{"rendered":"<p>Visitas de 2 d\u00edas y 1 noche RFT-21- LAGO DE ATITL\u00c1N &amp; CHICHICASTENANGO D\u00eda 1. \u00a0\u00a0Traslado desde La Antigua Guatemala, hacia la Villa de Chichicastenango. Visita del mercado al aire libre, as\u00ed como a las Iglesias de Santo Tom\u00e1s y El Calvario. A las 14:00 horas traslado de Chichicastenango a Panajachel. Resto de la tarde [&hellip;]<\/p>\n","protected":false},"author":2,"featured_media":0,"parent":0,"menu_order":0,"comment_status":"closed","ping_status":"closed","template":"elementor_header_footer","meta":{"site-sidebar-layout":"default","site-content-layout":"default","ast-site-content-layout":"default","site-content-style":"default","site-sidebar-style":"default","ast-global-header-display":"","ast-banner-title-visibility":"","ast-main-header-display":"","ast-hfb-above-header-display":"","ast-hfb-below-header-display":"","ast-hfb-mobile-header-display":"","site-post-title":"","ast-breadcrumbs-content":"","ast-featured-img":"","footer-sml-layout":"","ast-disable-related-posts":"","theme-transparent-header-meta":"default","adv-header-id-meta":"","stick-header-meta":"","header-above-stick-meta":"","header-main-stick-meta":"","header-below-stick-meta":"","astra-migrate-meta-layouts":"default","ast-page-background-enabled":"default","ast-page-background-meta":{"desktop":{"background-color":"var(--ast-global-color-4)","background-image":"","background-repeat":"repeat","background-position":"center center","background-size":"auto","background-attachment":"scroll","background-type":"","background-media":"","overlay-type":"","overlay-color":"","overlay-opacity":"","overlay-gradient":""},"tablet":{"background-color":"","background-image":"","background-repeat":"repeat","background-position":"center center","background-size":"auto","background-attachment":"scroll","background-type":"","background-media":"","overlay-type":"","overlay-color":"","overlay-opacity":"","overlay-gradient":""},"mobile":{"background-color":"","background-image":"","background-repeat":"repeat","background-position":"center center","background-size":"auto","background-attachment":"scroll","background-type":"","background-media":"","overlay-type":"","overlay-color":"","overlay-opacity":"","overlay-gradient":""}},"ast-content-background-meta":{"desktop":{"background-color":"var(--ast-global-color-5)","background-image":"","background-repeat":"repeat","background-position":"center center","background-size":"auto","background-attachment":"scroll","background-type":"","background-media":"","overlay-type":"","overlay-color":"","overlay-opacity":"","overlay-gradient":""},"tablet":{"background-color":"var(--ast-global-color-5)","background-image":"","background-repeat":"repeat","background-position":"center center","background-size":"auto","background-attachment":"scroll","background-type":"","background-media":"","overlay-type":"","overlay-color":"","overlay-opacity":"","overlay-gradient":""},"mobile":{"background-color":"var(--ast-global-color-5)","background-image":"","background-repeat":"repeat","background-position":"center center","background-size":"auto","background-attachment":"scroll","background-type":"","background-media":"","overlay-type":"","overlay-color":"","overlay-opacity":"","overlay-gradient":""}},"footnotes":""},"class_list":["post-716","page","type-page","status-publish","hentry"],"_links":{"self":[{"href":"https:\/\/rainforestguate.com\/rfg\/wp-json\/wp\/v2\/pages\/716","targetHints":{"allow":["GET"]}}],"collection":[{"href":"https:\/\/rainforestguate.com\/rfg\/wp-json\/wp\/v2\/pages"}],"about":[{"href":"https:\/\/rainforestguate.com\/rfg\/wp-json\/wp\/v2\/types\/page"}],"author":[{"embeddable":true,"href":"https:\/\/rainforestguate.com\/rfg\/wp-json\/wp\/v2\/users\/2"}],"replies":[{"embeddable":true,"href":"https:\/\/rainforestguate.com\/rfg\/wp-json\/wp\/v2\/comments?post=716"}],"version-history":[{"count":5,"href":"https:\/\/rainforestguate.com\/rfg\/wp-json\/wp\/v2\/pages\/716\/revisions"}],"predecessor-version":[{"id":971,"href":"https:\/\/rainforestguate.com\/rfg\/wp-json\/wp\/v2\/pages\/716\/revisions\/971"}],"wp:attachment":[{"href":"https:\/\/rainforestguate.com\/rfg\/wp-json\/wp\/v2\/media?parent=716"}],"curies":[{"name":"wp","href":"https:\/\/api.w.org\/{rel}","templated":true}]}}